 - (-8 - -2) - -8.
4
Calculate -6 - (-2 - 4 - -2).
-2
Calculate (-13 - -9) + 8 + -1 - 1.
2
Calculate -11 + (8 - 1) - (1 - 3).
-2
What is 2 + (4 - (1 - -2 - -4))?
-1
What is 6 + -3 + -7 + 4 + -1?
-1
Calculate 0 - (-5 - -10 - 2).
-3
(-6 - -5 - 1) + 1
-1
Calculate 30 + -17 + (-9 - -2).
6
What is the value of 4 - (1 - (2 - 9))?
-4
What is the value of 0 + 1 + 93 + -91?
3
Evaluate 1 + -19 + 7 + 1 + 3.
-7
6 + (18 - 6) - 10
8
Calculate (-8 - 0) + 11 + -2.
1
Calculate 1 + 0 - (106 + -107).
2
What is the value of -2 + 1 + (5 - 0 - 2)?
2
What is the value of 3 + 3 + -6 + -4?
-4
Calculate 0 - ((-1 - -4) + -1) - -1.
-1
What is (8 + -2 - 12) + 1?
-5
Evaluate -3 + -9 + 4 - (-13 - 1).
6
What is -1 - (5 - -3) - -5?
-4
Evaluate -3 + 0 + (-37 - -39) - 0.
-1
What is (97 - 104) + 2 + 2 + 1?
-2
Calculate 1 - (-4 + (3 - -2)).
0
What is the value of -6 + -3 - (-4 - 3 - -2)?
-4
Evaluate 1 - (0 + -6 + 4).
3
What is -1 + (2 + -2 - (0 + -5))?
4
What is (1 - -10) + -5 + -2?
4
Evaluate 0 + 2 + -2 + -1.
-1
21 + -18 - (7 - 1)
-3
40 - 44 - (0 + 4)
-8
Calculate 2 - (11 + 1 - (-3 - -8)).
-5
Calculate 9 - 7 - 6 - -5.
1
Evaluate (-1 - 1) + (5 - 2).
1
Calculate (-81 - -79) + (3 - 0).
1
Evaluate -2 + 0 - (-13 - -4).
7
Evaluate 3 - (1 - -2) - (-11 - -11).
0
What is the value of 2 - (-1 - 0) - (23 - 23)?
3
Evaluate 1 - -4 - (11 - 9).
3
Evaluate 0 - 0 - ((10 - 6) + -5).
1
Evaluate 6 + (-6 - (2 + -8)).
6
-1 + -5 + (2 - -2)
-2
What is the value of (-1 - -8) + -5 + -1?
1
2 + -8 - (6 + -10)
-2
Calculate -1 - -17 - (7 + 6).
3
What is the value of -5 - (2 - (9 - 0))?
2
-7 + 5 + (1 - (6 + -8))
1
Evaluate -11 + -3 + (-2 - -17).
1
(-5 - -6 - 2) + 5
4
Calculate 6 - (1 + 1) - 9.
-5
What is the value of 0 - 1 - (0 + -1)?
0
Calculate 4 + -1 + 31 + -34.
0
What is 7 - 10 - (0 - (2 - 2))?
-3
Evaluate -2 + -2 + 4 - -3.
3
-1 - (2 - 0) - 0 - -5
2
Evaluate (-4 - -11 - 4) + -2.
1
Evaluate 8 - 10 - -9 - 17.
-10
What is the value of 0 - (-1 + 1) - (45 + -45)?
0
-3 + -1 + (1 + -1 - 1)
-5
Calculate -23 + 20 - (-5 + -2).
4
What is the value of 6 - ((-11 - -5) + 8)?
4
Evaluate -8 + 1 + (17 - 11).
-1
-1 + 0 + 0 + (2 - 4)
-3
What is the value of -12 - (-11 + 0 + 1)?
-2
What is the value of 17 - 12 - (2 - -1)?
2
Evaluate -4 + 0 + 19 + -1 + -6.
8
What is the value of -1 + (2 - (0 - -4)) - -9?
6
What is the value of -53 + 60 + (2 - 3)?
6
What is 2 + (-3 - 4) + 6?
1
Calculate -1 + (-4 + 6 - -2).
3
What is 0 - (0 + 10 - -1)?
-11
Calculate -3 - 1 - ((2 - -3) + -8).
-1
Calculate 2 + -8 - (-14 - -12).
-4
What is the value of -2 + 6 + -6 - (0 + -3)?
1
What is -1 - (-13 + 16 + (-2 - -1))?
-3
(8 - 2) + -3 - (0 - -3)
0
Evaluate -12 - (-13 + (-12 - -17)).
-4
Calculate 6 + -10 + -5 + 11.
2
(-1 - 3 - 0) + 3
-1
What is the value of (-15 - -10 - (0 + -3)) + 6?
4
What is (-3 + 3 - -1) + 0?
1
Evaluate 8 + -11 + -7 + 7.
-3
What is 237 + -245 - (-1 + 1 + -6)?
-2
Calculate -3 - (-2 - -4 - 3 - 1).
-1
What is the value of 26 + -26 + -2 + 2 + -3?
-3
What is 2 + (-5 - -11) + -13?
-5
Calculate 0 - (1 + -4 - (-3 + -1)).
-1
Evaluate 0 + (-2 - 4) + 6.
0
What is the value of -4 + (-1 + 3 - -2)?
0
What is the value of -8 - (-11 + 1 + 7)?
-5
Evaluate -17 + 22 - (-4 - (1 - 4)).
6
What is (8 - (-2 - -2)) + -4 + 1?
5
What is 3 - (11 + -9 - -3)?
-2
-1 - 1 - (10 - 11)
-1
Evaluate -16 + 13 + -12 + 11.
-4
-5 - (0 - 0 - (10 - 8))
-3
What is 56 + -63 + -1 + 16 + 0?
8
What is -4 + -4 + 3 - (-3 - -2)?
-4
Evaluate (3 - 0) + (-18 - -18).
3
What is the value of -2 + 0 - -7 - 5 - 1?
-1
-7 + 2 + 3 + 6 - 10
-6
What is the value of -19 + -2 + 18 + 0 + 4?
1
Calculate (-2 + 2 - 4) + 3 + -1.
-2
Calculate (20 - 28) + 1 + 1.
-6
Evaluate 5 + (2 - -8) + -7.
8
Evaluate (0 - -3) + -7 - 0 - -2.
-2
What is the value of 6 + -10 + 0 + 5?
1
What is (6 - -3) + -16 - -1?
-6
What is the value of 3 - (-3 + 4 + (1 - 1))?
2
3 - (7 - 4) - 3 - -7
4
2 - 4 - 0 - -7
5
What is -1 - (0 - (-3 + 6))?
2
Calculate 0 - (3 + -5 + 6 + 1).
-5
Calculate -2 - (-30 + 32 - (1 - -1)).
-2
1 + -9 + (-25 - -30)
-3
Evaluate -1 + 0 + 13 + -9.
3
-16 + 9 - -10 - (2 - 5)
6
Evaluate 1 + 2 + -1 + 1 + 1.
4
Calculate 17 + -14 + -2 + 0 + 1.
2
Calculate -5 + (8 - 1) + -2 + -1.
-1
Evaluate 9 + -8 + 0 + -9.
-8
What is the value of -35 - -38 - (-1 - 5)?
9
Evaluate 4 - 24 - (-49 - -38).
-9
-3 + -2 - (1 - 7)
1
Calculate (-2 - (1 + -2)) + -2.
-3
What is the value of 3 - (4 + -6 + 10)?
-5
(-6 + 4 - 0) + 1
-1
What is the value of -9 - (-6 - 0) - (-1 + -1)?
-1
Calculate -2 + (-9 - -5 - (-2 - 0)).
-4
Evaluate -10 - (-24 - -11 - -11).
-8
What is the value of -7 + (4 + 4 - (5 - 2))?
-2
What is the value of 15 - -2 - 10 - -2?
9
2 - (4 - (18 + -9))
7
Evaluate 2 - (-1 - -6) - (9 + -19).
7
(5 - (-2 - -7)) + (-4 - -1)
-3
Evaluate 3 + (2 + -4 - (9 - 10)).
2
Calculate (0 - 1) + (-2 - 3 - -4).
-2
What is the value of (-4 - (-11 + 2)) + -8?
-3
Evaluate 3 + (-9 - -4) + 3.
1
Calculate -4 + 2 + -5 + 1 + 3.
-3
What is the value of -3 + (-2 - (-2 - -2)) + 7?
2
Calculate 3 + (-1 - 2) + -4.
-4
What is the value of -4 + 0 + 2 + 2 + 3?
3
3 - (2 - (3 + -9 + 5))
0
What is the value of 1 - 0 - (2 - 5) - 3?
1
What is (-4 + 11 - 3) + -7?
-3
What is 1 + (0 - (-1 + 3))?
-1
What is the value of -8 - -1 - (24 - 30)?
-1
6 + (-6 - (-5 - (2 - 16)))
-9
(-88 - -94) + (0 - -3)
9
What is the value of 7 + (0 - -4) + (-3 - 0)?
8
What is (12 - (24 - 5)) + (8 - -2)?
3
What is the value of -4 + 4 + -1 - -2?
1
What is the value of (-6 - (-1 + 0)) + (22 - 15)?
2
What is the value of (5 - -3 - 14) + 8?
2
Evaluate (49 - 56) + (8 - -1).
2
Calculate 1 + (-2 - -1) + -5.
-5
Calculate (-11 - -16) + (-2 + -2 - 2).
-1
Evaluate 4 + -1 + -3 + -5 + 0.
-5
What is (0 - (2 - 13)) + -26 + 21?
6
Evaluate -4 + (-2 - -2) + 13 + -14.
-5
What is (-1 - (-10 - -5)) + 1 + -1?
4
Calculate 5 - (-7 - -20 - 4).
-4
What is the value of 20 - (2 + 21 + -9)?
6
Calculate 4 + 4 - (-2 - -15).
-5
Evaluate -2 - (6 + (-4 - 4)).
0
What is -11 - (9 - (-5 + 17))?
-8
Evaluate (-9 - -2) + 2 + 2.
-3
Calculate (-1 - (0 + 3) - -2) + 2.
0
-9 - (11 + -10 - 9)
-1
What is 2 + (7 - 13) + 0?
-4
Calculate -4 - (-3 + 4 - 2).
-3
Evaluate (-3 - -5 - -2) + 1.
5
Calculate 5 - (-1 - -3 - (6 + -6)).
3
Calculate 8 - (11 - (0 - -1)).
-2
Evaluate 10 - (3 - -2) - 8.
-3
What is 4 - 1 - (-1 - (-2 - -3))?
5
Calculate 13 + -14 + (7 - (2 + -2)).
6
-6 - (-14 + -6 + 23)
-9
What is 1 + -5 - (-1 - -1) - -4?
0
0 + 4 + (-1 - 0)
3
Evaluate (2 - 1) + 3 + 15 + -14.
5
Evaluate -3 + 2 - 2 - -3.
0
What is (1 - (6 - -2)) + 13?
6
(-3 - -1) + 4 + 0
2
Calculate 1 + (5 - 2) + (-7 - 1).
-4
What is 10 + -19 + 18 - 9?
0
Calculate -4 + 14 + -7 + -3.
0
Calculate -4 + 0 + (27 - 14).
9
What is -5 - (0 + -3 + -3 - 6)?
7
Calculate 8 + -4 + 4 - 4.
4
Calculate -5 + 26 + -10 - (5 - 0).
6
What is 1 + 0 + 4 + -6?
-1
Calculate -1 - (-7 + 2 + 8).
-4
Evaluate 1 + -5 - (-16 + 7).
5
Evaluate -1 - -1 - (-20 - -18).
2
Calculate 4 + (-8 - (-5 + 3)).
-2
What is the value of 3 + 1 + -3 + -1?
0
-5 - 1 - -2 - 0
-4
What is (2 - 3) + 4 - (4 - 3)?
2
Evaluate (-11 - 0) + -16 + 22.
-5
Calculate -1 + -3 + -84 + 99 - 6.
5
Evaluate 20 + -23 + (1 - -8 - 1).
5
-2 + (3 - 4) - -4
1
What is (-34 - -33) + (3 + -1 - -7)?
8
What is the value of (4 - 3 - -1) + -4?
-2
What is -6 - -7 - 1 - (-4 + -1)?
5
What is 16 + -29 + 8 + 2 + -1?
-4
(242 - 239) + 2 + -5 + -2
-2
What is (2 - (1 + 5) - 12) + 8?
-8
What is -2 - (-2 - (-2 - 1))?
-3
Evaluate -8 + (8 + -2 - 2).
-4
Evaluate 4 - (6 + 3 + -7 + 5).
-3
Calculate -5 - (-1 - (11 + -7)).
0
What is the value of (28 - 28) + (-3 - -10 - 2)?
5
What is the value of -5 + -4 + (9 - 4)?
-4
Evaluate 3 + 3 + (1 - 13).
-6
What is the value of -5 + -3 + 4 + 9 + 1?
6
What is the value of 4 + -9 + -6 + 9?
-2
What is -4 - (4 + -2 + -1 + -3)?
-2
-1 + (-1 + 7 - 2) - 4
-1
4 + -12 + (0 - (-9 - -6))
-5
Calculate (4 + -2 - 8) + 0 + 3.
-3
Evaluate (4 - 8) + 4 - -1.
1
Evaluate 2 + 2 + -34 + 34.
4
-3 - (-21 + -3 + 10 - -2)
9
What is the value of 0 + -4 + 12 - (-3 - -7)?
4
What is (3 - (0 + -3)) + -1?
5
Calculate -4 - (3 - (2 + -2) - 5).
-2
What is the value of -1 + -5 - (-8 - -1)?
1
5 + -3 + 2 - (3 - 1)
2
Calculate -4 - -1 - (-1 + -5 + 4).
-1
4 - (-4 + 8 - 5)
5
Calculate -2 + (2 - -1) + 3.
4
Calculate 10 + (-2 - -7) + -7 - 3.
5
6 + 0 + (-5 - -2) + -6
-3
Calculate 0 + -3 - (1 + 1 + -4).
-1
What is 2 + (-1 - -4 - 5) + -1?
-1
What is 1 - (8 - 7) - -3?
3
9 + -13 + (0 - -7) - 6
